w**2. Let f be o(-5). Determine t(f).
-7
Let j = 16 - 11. Suppose 5*w = w + 12. Let k(d) = 28*d**w - 6*d - 27*d**3 - 4*d**2 + d. Calculate k(j).
0
Let t(a) = a + 5. Let z be 0*((-8)/6 - -1). Calculate t(z).
5
Suppose 0 = -5*c + 3*v - 54, c + 3*v - 2*v = -14. Let l be (-1)/(-3) + 4/c. Let p(f) = 2*f - f**2 + l - 1 + 0. Calculate p(3).
-4
Let j(w) = -w**3 - 7*w**2 - 7*w + 1. Let r be (-2)/1 + (6 - 9). Determine j(r).
-14
Suppose -4*y + 3*z = 8, 3*y - 6 - 17 = -5*z. Let x(a) = 2*a + 1. Determine x(y).
3
Let p = 6 - 4. Let t(u) = 5*u**p - u**3 + 2*u + u + 4 - 3*u**2. Determine t(3).
4
Let l = -8 - -11. Let h(s) = -4*s**2 + 5*s**2 - l*s**2 + s**2 + 1. Calculate h(1).
0
Let d(b) = -b**2 - 10*b - 1. Let l(u) = -31*u - u**2 - 4*u**2 + 2*u**2 - 3. Let i(t) = -7*d(t) + 2*l(t). Calculate i(-6).
-11
Let q(o) = -12*o - 9*o + 38*o - 14*o - 4. What is q(-3)?
-13
Suppose -2*t = -7*t + 10. Let r be t/(-5) + (-23)/5. Let m(s) = -s**2 - 6*s - 6. Determine m(r).
-1
Let m(r) = -r**3 + 5*r**2 + 4*r + 7. Let w be m(6). Let o(t) = t**3 + 6*t**2 + 3*t + 3. What is o(w)?
13
Suppose -p - 14 = -10. Let y(j) = j**3 + 5*j**2 + 2*j - 5. Determine y(p).
3
Let u(o) = -6*o**2 + 3*o**3 - 3*o**3 - o**3 - 6 + 9 - 5*o. Let t be (-143)/39 - (-2)/(-6). Determine u(t).
-9
Let h(r) = r**3 + 3*r**2 + 1. Let p = -31 - -45. Suppose -6 + p = 2*x. Let a be 2/(-2 + x/3). Calculate h(a).
1
Let m(s) = s**2 + 8*s + 7. Let v be 2 - 6 - (5 + -2). Give m(v).
0
Let s(j) = 2*j**3 - 4*j**2 + 2*j + 2. Let h = 19 + -17. Determine s(h).
6
Let z(l) = 7*l**2 - 2*l + 9. Let p(d) = 4*d**2 - d + 5. Let g(w) = 11*p(w) - 6*z(w). Give g(2).
11
Let y(i) be the second derivative of i**6/360 + i**5/60 + i**4/24 - 5*i**3/6 - 5*i. Let b(p) be the second derivative of y(p). Give b(-2).
1
Let m(d) = -4*d - 3. Let c(a) = 9*a + 5. Let s(q) = 2*c(q) + 5*m(q). Let w = 8 - 13. What is s(w)?
5
Let j(v) = 3*v + 2. Let l be 3/((-1)/((-8)/(-6))). Let x be j(l). Let i = -7 - x. Let u(z) = z**3 - 3*z**2 + 2*z. Determine u(i).
6
Let w(p) be the third derivative of p**6/120 + p**5/15 - p**4/8 + p**3/2 - 2*p**2. What is w(-5)?
-7
Let w(d) = d**3 + 5*d**2 + d + 4. Let o(t) = -4*t + 3. Let c be o(2). Calculate w(c).
-1
Let o(n) = -n**3 - 6*n**2 - 4*n - 1. Suppose -8 = 2*v - 2*f + 4*f, 2*f - 2 = 0. Calculate o(v).
-6
Let f(c) = -2*c + 5. Let d = -17 - -10. Let o = -3 - d. Determine f(o).
-3
Suppose 2*x + 2 = 4*x. Let b(s) = 2*s - 4*s - s. Calculate b(x).
-3
Let i(t) = t**3 + 6. Let p(d) = 4*d**2 - d + 1. Let o be p(2). Let j = -15 + o. What is i(j)?
6
Let z(k) = k**2 - k - 1. Let a = 1 - 1. Suppose 2*f - 4 = w, 2*w + 3*f - 4 + 19 = a. Let i be w*(-2 - (-15)/9). What is z(i)?
1
Let r be ((-2)/6)/((-5)/510). Let z be (-6)/(-2 + 1) + 0. Let l(c) = -c - 2. Let a(t) = 6*t + 12. Let d(j) = r*l(j) + z*a(j). Calculate d(-5).
-6
Let o(u) = 26*u. Suppose -5*y + 2 = -4*v - 4, 3*v = 2*y - 1. What is o(v)?
26
Let k(c) = -2*c - 16. Let p(g) = g + 8. Let u(v) = -2*k(v) - 5*p(v). Give u(-5).
-3
Let t(m) be the second derivative of 0 - m + 3/2*m**2 - 1/6*m**3. Suppose -h = -5*h - 4*i + 28, 4*i - 32 = -5*h. Determine t(h).
-1
Suppose 2*m - 4*z = -3*m + 3, -5*z + 6 = -3*m. Let o(x) be the second derivative of 5/6*x**m + 0 + 1/2*x**2 - 2*x. What is o(-1)?
-4
Let h(v) = -4*v**3 + v**2 + 3*v + 4. Let y(c) = 5*c**3 - c**2 - 4*c - 5. Let l(x) = -4*h(x) - 3*y(x). Calculate l(0).
-1
Let z = 14 + -9. Suppose 5*o + 4*m = -38, 2*m - 24 = z*o + 2. Let n(p) = p**2 + 4*p - 3. Calculate n(o).
9
Let j(n) be the first derivative of -3*n**2/2 - 3*n - 14. Calculate j(-5).
12
Suppose g - 2*y - 1 + 5 = 0, 3*y - 28 = -4*g. Let r(v) = -v**3 + 4*v**2 - v + 2. Let d be r(g). Let u(c) = -12 + 2*c**2 - c + 7 + 5*c + 8. Give u(d).
3
Let k(p) be the third derivative of -p**8/20160 - p**7/1680 + p**6/240 + p**5/30 - 3*p**2. Let q(j) be the third derivative of k(j). What is q(-4)?
-1
Suppose 0 = -y - 2*y. Suppose z + f = -y + 3, -21 = -5*z + f. Let h(w) = 0*w - 6*w + z*w - 1. Calculate h(-4).
7
Let v(k) = 6 - 4*k - k + 3*k + 4*k. Calculate v(-4).
-2
Let k be ((-3)/5)/(8/40). Let n(t) = t**2 + 2*t + 1. What is n(k)?
4
Suppose -12 = -0*b + b - 2*u, 15 = 3*u. Let w(r) be the third derivative of -r**5/30 - r**4/6 - r**3/2 - r**2. Calculate w(b).
-3
Let v(b) = -10*b - 2. Let w(l) = -7*l - 1. Let d(z) = -5*v(z) + 8*w(z). Let n(u) = -u**3 + 6*u**2 + 7*u + 2. Let r be n(7). Determine d(r).
-10
Let z = 1 - -1. Suppose z*w - 2 + 12 = 0. Let u(d) = 7*d + 6. Let s(p) = 15*p + 13. Let r(m) = 6*s(m) - 13*u(m). Determine r(w).
5
Suppose 0 = a - 4 + 2. Let y be (-5 + a)*(-8)/6. Let t(b) = -b**3 + 5*b**2 - 5*b - 4. What is t(y)?
-8
Suppose -v - 3*z + 16 = 0, -3*v + 3*z + 3 = 15. Let p = v - 0. Let t(o) = -10*o + 1. Give t(p).
-9
Let l = 2 - 0. Let n be 3 - (-4)/l - 2. Suppose n + 5 = -2*b. Let k(f) = -f**3 - 5*f**2 - 2*f + 3. What is k(b)?
-5
Let w be 5/(-10)*(-10)/(-1). Let f = -10 + 14. Let i(v) = 0*v**2 + f*v**2 + v**3 - 6*v - 5 + 0*v. Calculate i(w).
0
Let l(i) = 3*i + 2. Let o(p) = p + 1. Let d(z) = -2*l(z) + 5*o(z). Determine d(3).
-2
Let h(p) = p**2 + p + 1. Suppose -2*a + 3 = -a. Let r be ((a - 4) + 1)/(-1). Give h(r).
1
Let o(z) = 2*z**2 - 10*z + 3. Let r(g) = g. Let m(i) = o(i) + 6*r(i). What is m(2)?
3
Let z(h) = -h**3 + 5*h**2 - 2*h. Suppose 2*j = -n - 6, -3*j + 3 - 2 = 4*n. What is z(n)?
8
Let l(q) = 5*q**2 + q + 16. Let c(o) = 14*o**2 + 3*o + 49. Let g(z) = 6*c(z) - 17*l(z). Determine g(0).
22
Suppose -4*x + 2 = -2*d, -3*x + 6*x + 4*d = -26. Let i(p) = 4*p + 1. What is i(x)?
-7
Let t(z) = 4*z**2 + z - 1. Let h(w) = w. Let y be h(5). Let v(l) = -5*l**2 - l + 1. Let a(r) = y*v(r) + 6*t(r). Give a(2).
-3
Let m(a) = -7*a - 46. Let h be m(-7). Let d(c) be the second derivative of 3*c**2 + 0 + 1/6*c**3 - h*c. Determine d(5).
11
Let p(i) = i - 2. Suppose 9 = 3*c + 9. Determine p(c).
-2
Let n(b) be the third derivative of -b**4/24 + 7*b**3/6 - 10*b**2. What is n(3)?
4
Suppose -5*p - 20 = u, -2*u + p + 1 = 8. Let o(m) = -2*m - 4. Determine o(u).
6
Let c(i) be the third derivative of -i**4/8 - i**3/6 - i**2. Let v be c(-1). Let u(d) = -d**2 - 2*d - 3 + 3*d**v - 3*d**2. Determine u(-3).
-6
Suppose 2*v + v - 6 = 0. Let c(i) = i**3 - 6*i**2 + 3*i. Give c(v).
-10
Let a = 2 - 1. Let c be a*(1 + 0)*2. Let x(k) = k - 1. Let v(f) = f**2 - f - 4. Let y(i) = c*x(i) + v(i). What is y(0)?
-6
Let k(i) be the first derivative of -i**4/4 - 11*i**3/3 - i**2 - 14*i + 6. Give k(-11).
8
Let h(y) = -y**3. Suppose -4 = -4*g, -1 = -x + g - 2. Calculate h(x).
0
Let p(c) = c**3 - 3*c**2 - 3*c + 2. Let m be p(4). Let k = 4 - m. Let s(u) = 11*u - 9*u - 6*u - 3. Determine s(k).
5
Let f(z) = 4*z**3 + z**2 - z + 1. Suppose 3*w + 1 = 4*w. Determine f(w).
5
Let m(k) = -k**3 - 3*k**2 + 3*k. Suppose 0 = 6*u - 2*u - 20. Let y be 22/u + (-8)/20. Suppose y = z, 4*z = 5*r - z + 40. Determine m(r).
4
Let y be (-1 - -9)/((-8)/20). Let t be 2*(-4)/((-32)/y). Let z(a) = -a**2 - 3*a + 2. Calculate z(t).
-8
Let r(o) = 6*o**2 - o**2 + 4 - 4*o**2 + 2*o - 3. Let a(m) = 2*m - 4. Let x be a(3). Calculate r(x).
9
Let k(s) = 4 + 4*s - 6*s + s. Let d = 177 + -180. Determine k(d).
7
Let k(b) = b**2 - 5*b - 7. Let l = 13 - 6. Let w be k(l). Let a(u) = 2*u**2 + 5 - 2*u + 4*u + u**3 - w*u**2. What is a(4)?
-3
Let y(l) be the second derivative of 1/3*l**3 - 5/2*l**2 + 0 + 2*l. Determine y(5).
5
Let j(h) be the first derivative of h**4/4 - h**3 - h**2/2 + 2*h + 6. Determine j(3).
-1
Let y(h) = -h**2 + 6*h - 5. Let m(l) = -3*l**2 + 17*l - 14. Let v(i) = 3*m(i) - 8*y(i). Let b(w) be the first derivative of v(w). Calculate b(3).
-3
Let w be 6/(-4)*(52/(-12) - -1). Let t(d) = -d**2 + 3*d + 2. Give t(w).
-8
Suppose 5*b - 3*b = -2. Let k(y) = 6*y**2 - 1. Determine k(b).
5
Let v(z) = -z**3 - 4*z**2 + 7*z - 1. Let i be (0 - 5) + 1 + -1. Give v(i).
-11
Let a(x) = -x**2 + 7*x - 4. Let j(h) = -h**2 + 4*h. Let s be j(3). Suppose -2*i = 3*q - 3, -5 = s*q + 2*q. Calculate a(i).
8
Suppose 3*g = -4*b - 8, -3*g + 3*b = g - 31. Suppose -g = -0*p + p. Let y(h) = h**3 + 4*h**2. Determine y(p).
0
Let x(p) = -p**2 - p**3 + 1 + 1 - 2*p**2. Let m = -7 + 6. Let o be (6/(-3))/(m/(-1)). Determine x(o).
-2
Let l(m) = -m**3 - 12*m**2 + 12*m - 11. Let i be l(-13). Suppose 0 = -i*f - 2, 2*r + 3*f = r - 3. Let y(t) = -t**3 - 2*t + 3*t + 8 - 4. Determine y(r).
4
Let j(b) = -5*b